-a11a
In base 11, what is 909a - -10878?
19967
In base 7, what is 2056110 + 423?
2056533
In base 5, what is -23030004 - -100?
-23024404
In base 15, what is 0 - -e03bd8?
e03bd8
In base 6, what is 1345 + 11030102?
11031451
In base 8, what is -6216 - 143157?
-151375
In base 9, what is 8568 - -41718?
51387
In base 8, what is -3424672 + -4?
-3424676
In base 13, what is -18480 + -85?
-18535
In base 12, what is -3abb + 370b?
-3b0
In base 10, what is -19861 + 18916?
-945
In base 7, what is -14212633 + -1411?
-14214344
In base 8, what is 1670635024 - 2?
1670635022
In base 4, what is -12 + -3120001233?
-3120001311
In base 10, what is -108201 - -679?
-107522
In base 9, what is 177 - 37347?
-37160
In base 11, what is 894a5 + 971?
8a366
In base 7, what is 1312520 + 1134?
1313654
In base 5, what is -14032410 + 12?
-14032343
In base 3, what is -12201102 - -12120222?
-10110
In base 11, what is 63a5581 + 3?
63a5584
In base 8, what is 212731374 + 2?
212731376
In base 10, what is 1365772 + -840?
1364932
In base 5, what is -1002202 - -1022013?
14311
In base 15, what is -2 + 459881?
45987e
In base 9, what is 111856432 + 4?
111856436
In base 9, what is -1 + -7477738?
-7477740
In base 11, what is 396207 + -5?
396202
In base 13, what is -1c8936 + -58?
-1c8991
In base 7, what is -6332364134 + -4?
-6332364141
In base 2, what is 10 - -1101011101111111010011010?
1101011101111111010011100
In base 7, what is -3501103 + 524?
-3500246
In base 8, what is -274 - 46357?
-46653
In base 15, what is -86 + -16e1b?
-16ea2
In base 14, what is 97d375 - 4?
97d371
In base 11, what is 7 + 838076a?
8380776
In base 6, what is 14402135 - -102?
14402241
In base 2, what is -1100100 + 10010100000000?
10010010011100
In base 14, what is ba63 - 5c8?
b479
In base 14, what is 222cab7 + 0?
222cab7
In base 6, what is 4305130 - -15?
4305145
In base 11, what is -12147a + -117?
-121596
In base 14, what is -ab2793a + -5?
-ab27941
In base 4, what is 10131202223 - 11?
10131202212
In base 6, what is 12232525543 + 5?
12232525552
In base 13, what is 292 - 36156c?
-3612aa
In base 4, what is -2300120 + -220330?
-3121110
In base 9, what is -37077855 - -3?
-37077852
In base 2, what is -10001100111 + 1000110011111011000?
1000110001101110001
In base 3, what is 201 + 2100100101210?
2100100102111
In base 11, what is -130a + 95655?
94346
In base 2, what is 1001 + -111000011011001011111101?
-111000011011001011110100
In base 4, what is -3021001322 + -301?
-3021002223
In base 8, what is 461 + -142234?
-141553
In base 9, what is -578776 + 27?
-578748
In base 6, what is -1320521 + -45400?
-1410321
In base 13, what is -2 - -a0bbb7c?
a0bbb7a
In base 8, what is 523206 + 57?
523265
In base 3, what is -20 - 2020111221000?
-2020111221020
In base 16, what is c36 - 1c88?
-1052
In base 10, what is -2633085 - -2?
-2633083
In base 9, what is -456804 - -3251?
-453543
In base 6, what is 1223 + -403331?
-402104
In base 8, what is 70664 + -70?
70574
In base 5, what is 204344234 - -10?
204344244
In base 5, what is 14 + 1430334203?
1430334222
In base 9, what is 666 - -5032?
5708
In base 13, what is b0475a4c - -1?
b0475a50
In base 8, what is 4 - 260056045?
-260056041
In base 10, what is 48 + 6773746?
6773794
In base 8, what is 67152 - -3634?
73006
In base 4, what is -111000230 - 33311?
-111100201
In base 8, what is -2562 + 1076136?
1073354
In base 4, what is 2330013221221 - 30?
2330013221131
In base 4, what is -11102131 + 212323?
-10223202
In base 10, what is -64 - 15847437?
-15847501
In base 16, what is a818e4 - -56?
a8193a
In base 7, what is -12013535 - 554?
-12014422
In base 12, what is -13a - -21a84?
21946
In base 2, what is 111101100001000110011 - -100?
111101100001000110111
In base 13, what is -6 + 733826?
733820
In base 5, what is -221343133 + -4331?
-221403014
In base 4, what is 11 - -12213211122?
12213211133
In base 7, what is 20 + -2206004?
-2205654
In base 4, what is -3003030 - -120030?
-2223000
In base 7, what is 44 + -22055614?
-22055540
In base 4, what is -233 + 112200003?
112133110
In base 8, what is -117 + -16615114?
-16615233
In base 8, what is -7167226 + 24?
-7167202
In base 15, what is 4b9a8 - 23e?
4b769
In base 16, what is 120 - 16e9?
-15c9
In base 9, what is 23 + -23428?
-23405
In base 16, what is 1e + -7ac41b?
-7ac3fd
In base 8, what is -4353042 - 762?
-4354024
In base 2, what is 1100000011101100110000 + 11?
1100000011101100110011
In base 9, what is -2705 - 367?
-3173
In base 11, what is -5 + -174632?
-174637
In base 11, what is 23a + -1a3188?
-1a2a49
In base 7, what is 51441 + -231315?
-146544
In base 3, what is -1 + 100001210?
100001202
In base 12, what is -9a07461 + -2?
-9a07463
In base 5, what is 14102431 - -3303?
14111234
In base 6, what is -112530003 + 54?
-112525505
In base 12, what is -1086 + 5810?
4746
In base 8, what is 4 - 3646045?
-3646041
In base 14, what is -340b - 10933?
-13d40
In base 10, what is 126776076 - 3?
126776073
In base 6, what is -4 - 530000353?
-530000401
In base 5, what is -1340403044 - -11?
-1340403033
In base 7, what is -126 + -1601064?
-1601223
In base 12, what is -504290b + 4?
-5042907
In base 8, what is 176422 + -1340?
175062
In base 10, what is 937 - -8681?
9618
In base 5, what is 13240323102 + 3?
13240323110
In base 8, what is 4077 - 42152?
-36053
In base 7, what is 5160 - -1202?
6362
In base 11, what is -15 + -5308146?
-5308160
In base 12, what is -927794 + 21?
-927773
In base 2, what is 1000100000000101100 - -10110001?
1000100000011011101
In base 2, what is 10010011010 - 10100000000010100101?
-10011111110000001011
In base 11, what is 71a5 + -1775?
5530
In base 4, what is -10331300 - 2331032?
-13322332
In base 12, what is 59 + -1076201?
-1076164
In base 11, what is -18 + -258438?
-258455
In base 13, what is -59308c1 - 9?
-59308ca
In base 12, what is -28597 + 57?
-28540
In base 6, what is 15 + -2551102030?
-2551102011
In base 9, what is -625648 - 124?
-625773
In base 14, what is 828104 + 8?
82810c
In base 2, what is 1000 - 100111001001101110?
-100111001001100110
In base 6, what is -35 - -1002501034?
1002500555
In base 14, what is -1c - -19bb36?
19bb18
In base 8, what is -367 - 3220246?
-3220635
In base 14, what is 5242063 + 1?
5242064
In base 15, what is -1aa - 1a0e1?
-1a29b
In base 14, what is 43ca + -3891?
939
In base 6, what is -111 + -132534154?
-132534305
In base 12, what is 154a1099 + -4?
154a1095
In base 14, what is 10 + -16b1bb?
-16b1ab
In base 9, what is 1 + 420670?
420671
In base 12, what is 2593373 - -30?
25933a3
In base 15, what is -17a95 - -8d?
-17a07
In base 7, what is 2414 + 2102536?
2105253
In base 10, what is -3 - 16046202?
-16046205
In base 7, what is -63620224 - -53?
-63620141
In base 7, what is 10210520 + 5?
10210525
In base 12, what is 6 + 20365566?
20365570
In base 14, what is -3c352ac - -2?
-3c352aa
In base 15, what is 13 - 825951?
-82593d
In base 13, what is 539c1 - -a4?
53a95
In base 15, what is 5 - -142386a?
1423870
In base 4, what is 321222 + -20333111?
-20011223
In base 16, what is 22d52 - -e?
22d60
In base 13, what is -83ba7 + 52?
-83b55
In base 6, what is -130422302 + -15?
-130422321
In base 10, what is -1 + -29350240?
-29350241
In base 5, what is 2201 + -1012021412?
-1012014211
In base 10, what is -1289 + 9894?
8605
In base 8, what is 243474 + -3674?
237600
In base 15, what is -3 + -a88bc67?
-a88bc6a
In base 6, what is 1324 + -21243?
-15515
In base 8, what is 64137573 - -1?
64137574
In base 6, what is -121452 + 23250?
-54202
In base 13, what is -455832 - -1aa?
-455655
In base 7, what is -12315 - -1244450?
1232132
In base 13, what is 77c + -27c00?
-27451
In base 11, what is 8049 - 39?
8010
In base 14, what is 15b54 + c1?
15c35
In base 5, what is 3344101341 + 0?
3344101341
In base 8, what is -151170 + 656?
-150312
In base 11, what is 506121 + 4?
506125
In base 11, what is 132 + 1414a39?
1415070
In base 2, what is -101101000101111101100 - -111?
-101101000101111100101
In base 10, what is 61 + 6942125?
6942186
In base 6, what is 1451550130 - -2?
1451550132
In base 16, what is -17 - 23a320?
-23a337
In base 15, what is -2d13534 + -5?
-2d13539
In base 2, what is 10000011010111100011101110 + 10?
10000011010111100011110000
In base 14, what is 21 - -cb74?
cb95
In base 15, what is c4462 - 21?
c4441
In base 10, what is -141 - 3048013?
-3048154
In base 12, what i